 What is the highest common factor of s and x?
17
Suppose 0 = 4*a - 2*k - 78, -a = -4*k + 8*k - 6. Calculate the highest common factor of a and 54.
18
Let j = 42 - 29. Suppose 36 = -j*v + 16*v. Calculate the greatest common factor of v and 84.
12
Let c(w) = -w**3 - 9*w**2 - 6*w + 18. Let j be c(-9). Let l(o) = 2*o**2 - 5*o - 4. Let y be l(-4). What is the highest common divisor of y and j?
24
Let l = -436 + 444. Calculate the greatest common factor of 288 and l.
8
Suppose -6*z + 5*z = -448. What is the highest common factor of z and 252?
28
Suppose -h + 5*j + 13 = -7, -5*j = 5*h + 20. Suppose h = 10*x - 188 - 362. Let w(l) = l**2 + 1. Let q be w(-2). Calculate the highest common divisor of q and x.
5
Suppose -5*u - b + 198 = 0, -2*b - 7 = -13. What is the greatest common factor of u and 3?
3
Let n be 4*4/16 + 35. Let g(i) = 26*i**2 + 9*i + 7*i + 8 - 4*i - 5*i. Let q be g(-4). Calculate the highest common factor of q and n.
36
Suppose j - 28 = -3*i, -4*i - 27 - 85 = -4*j. What is the highest common divisor of j and 196?
28
Suppose -4*z = -g - 4*g - 52, 2*z - g = 26. Suppose -46*n + 58*n - 624 = 0. Calculate the greatest common factor of z and n.
13
Let p(z) = z + 1. Let c be p(3). Suppose -c*f = o - 32 - 74, f = 4. What is the greatest common divisor of o and 15?
15
Suppose -223 = -4*l + 25. What is the greatest common factor of l and 186?
62
Let v be (-2280)/(-225) + 10/(-75). Let l be 3/((-51)/30 - -2). Let j be (-2 - 1)/((-3)/l). Calculate the highest common factor of v and j.
10
Let n = 26 - 17. Suppose -5*x = -n*x + 24. Suppose 2*y + x = 22. Calculate the greatest common divisor of y and 24.
8
Let j(p) = -3*p + 20. Suppose -o = 4*k + 20, 3*k + 1 + 14 = o. Let c be j(k). Calculate the highest common divisor of c and 385.
35
Suppose 0 = -z - 0*z. Suppose -5*h + c = -65, -h - 3*h + 5*c + 73 = z. What is the highest common factor of h and 108?
12
Let a = -40 + 60. Let f = a + -15. Suppose -f*t = 39 - 379. Calculate the greatest common factor of t and 102.
34
Let p(c) = c + 24. Let g be p(2). Calculate the greatest common divisor of g and 91.
13
Let g = 1571 - 1382. What is the greatest common divisor of 42 and g?
21
Let h(w) = -3*w - 9. Let o(t) = t**2 + 5*t - 7. Let g be o(-5). Let z be h(g). Calculate the highest common divisor of z and 180.
12
Let k(w) be the second derivative of -11*w**5/20 - w**3/6 + 9*w. Let p be k(-1). Calculate the greatest common divisor of p and 9.
3
Suppose -226 = -2*f - 2*h, -23*f + 5*h = -18*f - 585. What is the highest common factor of 45 and f?
5
Let q(h) = h**3 - 25*h**2 - 26*h + 21. Let l be q(26). Suppose 0*u = 5*u - 315. What is the greatest common divisor of l and u?
21
Let v(t) = t**2 - 4*t + 1. Let z be v(5). Let m be 26/8 + z/(-24). Calculate the greatest common divisor of 27 and m.
3
Suppose -5*m + 3*m = h - 88, 0 = -5*m + 5*h + 235. What is the greatest common factor of m and 15?
15
Let w = 51 - 23. Suppose -32*s + w*s = -96. Calculate the greatest common divisor of 3 and s.
3
Suppose 0 = q - 99 + 24. Let c = q + -72. Calculate the highest common factor of 21 and c.
3
Let k = -1545 + 2945. What is the highest common factor of k and 70?
70
Let c(g) = 12*g - 66. Let a be c(7). What is the highest common factor of 162 and a?
18
Suppose 2*n = n + 20. Let u = -12 + n. Let l = u - 5. What is the highest common factor of 18 and l?
3
Suppose 65 = 2*t + 27. Suppose 0 = 3*n - 2*n - t. Suppose -150 - 21 = -v. What is the highest common factor of n and v?
19
Let m be (-25 - 0)/((-1)/1). Let n be (-1)/((18/15)/(-6)). What is the highest common divisor of n and m?
5
Suppose 0 = -3*x + 2*a - a - 8, -3*x + 5*a = -8. Let k = x + 17. Let t = k - 12. What is the greatest common factor of t and 4?
1
Suppose -31*i = 130 - 874. Calculate the highest common factor of 180 and i.
12
Let r(y) = -83*y**3 - y + 1. Let k be r(1). Let w = k - -281. What is the highest common divisor of 22 and w?
22
Let n(q) = -1. Let v(z) = 7*z - 13. Let o(r) = -2*n(r) + v(r). Let p be o(5). Calculate the greatest common divisor of 3 and p.
3
Suppose -2*c - 3*s = -10, -2*s = 3*s + 20. Suppose -c = -3*l + 13. Let j(k) = 5*k + 46. Let y be j(-9). What is the greatest common divisor of l and y?
1
Let y(d) = -d + 44. Let f be y(2). Calculate the highest common factor of 35 and f.
7
Let i(b) = b**3 - 3*b**2 - b + 4. Let x be i(3). Let y be 1020/72 + x/(-6). Calculate the highest common factor of y and 112.
14
Suppose -342 = -66*s + 64*s - 5*j, 0 = 3*s - 4*j - 513. Suppose 0 = -4*w + 127 - 3. Let v = w + -12. What is the greatest common divisor of s and v?
19
Suppose -7*z + 5*z = -26. Suppose -5*q = -z - 17. Calculate the greatest common divisor of 6 and q.
6
Suppose 59*o - 11*o - 4224 = 0. Calculate the highest common divisor of 99 and o.
11
Let x = 25 + 10. Let f = x + -11. Let z = 346 - 310. What is the greatest common factor of z and f?
12
Let n be 3*4/36*39. Suppose 2*x - n = 17. What is the greatest common divisor of x and 135?
15
Let x = 84 + -49. Suppose -4 = 2*k + 2*d, -5*k + d + 2 = -4*k. Suppose -l - 2*l + 15 = k. What is the highest common divisor of x and l?
5
Let r(t) = t**2 - t + 4. Suppose -22 = -0*c - 2*c. Let k be (-22)/33*(c - 2). Let v be r(k). What is the greatest common factor of v and 23?
23
Suppose 0*i + 3*w + 13 = -2*i, 71 = -4*i + 3*w. Let g = i - -24. What is the highest common divisor of 40 and g?
10
Let x(w) = -23*w - 165. Let h be x(-35). What is the highest common factor of 40 and h?
40
Let g(k) = 2*k**2 - 4*k + 6. Let v be g(4). Let r be (-23)/(115/(-420)) - (-4 - 0). What is the greatest common factor of r and v?
22
Let s(y) = 79*y + 833. Let g be s(-10). What is the greatest common factor of g and 2193?
43
Suppose -5*r + r - c + 44 = 0, -55 = -5*r - 4*c. Suppose -3*w + r + 49 = 0. Calculate the greatest common factor of 10 and w.
10
Suppose -67 = -3*p + j, 10*p - 8*p = -3*j + 63. Calculate the highest common factor of p and 56.
8
Suppose -u + 688 = -3*u. Let a be u/(-14) - 12/21. Calculate the greatest common factor of a and 12.
12
Let u be (28/35)/((-6)/(-15)). Suppose -9 - 27 = -u*l. Calculate the greatest common divisor of 27 and l.
9
Let n(h) = h**2 - 15*h + 21. Let d = -31 - -46. Let t be n(d). What is the greatest common factor of t and 147?
21
Suppose 3*f - 64 = 53. Let m be ((-2)/(-3))/((-170)/45 - -4). Calculate the greatest common divisor of f and m.
3
Let l be 10/35*7*5/2. Suppose -3*m + 331 = -l*g, 2*m - g = 5*m - 337. Calculate the greatest common factor of 32 and m.
16
Let f = 409 - 318. Calculate the greatest common factor of 26 and f.
13
Let m = 36 - 100. Let n = m + 155. Suppose -3*z - 30 = -3*g, -25 = 5*g + 3*z - 99. Calculate the greatest common factor of n and g.
13
Let x(n) = 4*n + 94. Let t be x(-17). Calculate the greatest common factor of 689 and t.
13
Let b(f) = 314*f + 13. Let q be b(0). Let n(h) = 8*h + 4. Let l be n(6). Calculate the greatest common factor of l and q.
13
Let m = 3339 + -3319. Let n(y) = 4*y**2 - 4*y. Let g be n(5). Let c = 140 - g. What is the greatest common divisor of m and c?
20
Suppose -2*p = p - 18. Suppose -v - 130 = -p*v. Calculate the highest common factor of v and 65.
13
Suppose -11*b + b = -250. Let r be (60/21 - 3) + 528/21. Calculate the highest common factor of r and b.
25
Suppose -a = -15*z + 12*z + 6256, -2*z + 4170 = -a. What is the highest common divisor of z and 7?
7
Suppose -3857 = -242*c + 235*c. What is the greatest common divisor of c and 29?
29
Let a be (-15 + 5)/30*-21. What is the greatest common factor of a and 567?
7
Let c = -50 + 46. Let s be 3870/16 - c/32. Calculate the highest common factor of s and 22.
22
Let v(i) = 4*i - 46. Let f be v(16). What is the greatest common factor of 120 and f?
6
Let s = 20 + -31. Let f = s + 16. Let l(t) = -t**3 + 5*t**2 + 3*t - 1. Let k be l(f). What is the highest common divisor of k and 14?
14
Suppose 73 = 5*i - 32. Suppose 2*k - k = r + 19, k = 5. Let a be (r/4)/((-5)/60*3). What is the highest common factor of i and a?
7
Suppose -2*l - 2*v + 4*v = -2, -2*v = -10. What is the highest common factor of l and 33?
3
Let j(g) = -g**3 + 12*g**2 + 30*g - 16. Let t be j(14). Calculate the greatest common factor of 444 and t.
12
Suppose 23 = -4*m + 3*m + 5*c, -m - 5*c + 27 = 0. Suppose -m*s + 6 = 2*p, 2*s - 4*p + 7*